{"id":92,"date":"2023-12-23T09:31:04","date_gmt":"2023-12-23T09:31:04","guid":{"rendered":"http:\/\/faewure.cluster027.hosting.ovh.net\/mdaz\/?page_id=92"},"modified":"2023-12-27T09:32:45","modified_gmt":"2023-12-27T09:32:45","slug":"la-taxonomie","status":"publish","type":"page","link":"https:\/\/marketingdigitalaz.com\/index.php\/la-taxonomie\/","title":{"rendered":"La taxonomie"},"content":{"rendered":"<div data-colibri-id=\"92-c1\" class=\"style-361 style-local-92-c1 position-relative\">\n  <!---->\n  <div data-colibri-component=\"section\" data-colibri-id=\"92-c2\" id=\"features\" class=\"h-section h-section-global-spacing d-flex align-items-lg-center align-items-md-center align-items-center style-372 style-local-92-c2 position-relative\">\n    <!---->\n    <!---->\n    <div class=\"h-section-grid-container h-section-boxed-container\">\n      <div data-colibri-id=\"92-c16\" class=\"h-row-container gutters-row-lg-2 gutters-row-md-2 gutters-row-2 gutters-row-v-lg-2 gutters-row-v-md-2 gutters-row-v-2 style-380 style-local-92-c16 position-relative\">\n        <!---->\n        <div class=\"h-row justify-content-lg-center justify-content-md-center justify-content-center align-items-lg-stretch align-items-md-stretch align-items-stretch gutters-col-lg-2 gutters-col-md-2 gutters-col-2 gutters-col-v-lg-2 gutters-col-v-md-2 gutters-col-v-2\">\n          <!---->\n          <div class=\"h-column h-column-container d-flex h-col-lg-auto h-col-md-auto h-col-auto style-381-outer style-local-92-c17-outer\">\n            <div data-colibri-id=\"92-c17\" class=\"d-flex h-flex-basis h-column__inner h-px-lg-2 h-px-md-2 h-px-2 v-inner-lg-2 v-inner-md-2 v-inner-2 style-381 style-local-92-c17 position-relative\">\n              <!---->\n              <!---->\n              <div class=\"w-100 h-y-container h-column__content h-column__v-align flex-basis-100 align-self-lg-start align-self-md-start align-self-start\">\n                <!---->\n                <div data-colibri-id=\"92-c18\" class=\"h-global-transition-all h-heading style-382 style-local-92-c18 position-relative h-element\">\n                  <!---->\n                  <div class=\"h-heading__outer style-382 style-local-92-c18\">\n                    <!---->\n                    <!---->\n                    <h2 class=\"\">La taxonomie (classification) du marketing digital<\/h2>\n                  <\/div>\n                <\/div>\n                <div data-colibri-id=\"92-c19\" class=\"h-lead h-text h-text-component style-383 style-local-92-c19 position-relative h-element\">\n                  <!---->\n                  <!---->\n                  <div class=\"\">\n                    <p>Le digital on ne sait vraiment o\u00f9 \u00e7a commence ni o\u00f9 \u00e7a finit &#8230; c&#8217;est pour cela que nous avons cr\u00e9\u00e9 cette taxinomie du marketing digital. Taxinomie ou taxonomie est le terme utilis\u00e9 en sciences ou en informatique pour classer les\n                      \u00e9l\u00e9ments d&#8217;un tout, une nomenclature.&nbsp;<\/p>\n                  <\/div>\n                <\/div>\n              <\/div>\n            <\/div>\n          <\/div>\n        <\/div>\n      <\/div>\n      <div data-colibri-id=\"92-c3\" class=\"h-row-container gutters-row-lg-2 gutters-row-md-2 gutters-row-2 gutters-row-v-lg-2 gutters-row-v-md-2 gutters-row-v-2 style-373 style-local-92-c3 position-relative\">\n        <!---->\n        <div class=\"h-row justify-content-lg-center justify-content-md-center justify-content-center align-items-lg-stretch align-items-md-stretch align-items-stretch gutters-col-lg-2 gutters-col-md-2 gutters-col-2 gutters-col-v-lg-2 gutters-col-v-md-2 gutters-col-v-2\">\n          <!---->\n          <div class=\"h-column h-column-container d-flex h-col-lg-6 h-col-md-6 h-col-12 style-374-outer style-local-92-c4-outer\">\n            <div data-colibri-id=\"92-c4\" class=\"d-flex h-flex-basis h-column__inner h-px-lg-0 h-px-md-0 h-px-0 v-inner-lg-0 v-inner-md-0 v-inner-0 style-374 style-local-92-c4 position-relative\">\n              <!---->\n              <!---->\n              <div class=\"w-100 h-y-container h-column__content h-column__v-align flex-basis-100 align-self-lg-start align-self-md-start align-self-start\">\n                <!---->\n                <div data-colibri-id=\"92-c5\" class=\"d-block style-375 style-local-92-c5 position-relative h-element\">\n                  <!---->\n                  <div class=\"h-image__frame-container-outer\">\n                    <a href=\"https:\/\/whimsical.com\/taxinomie-digital-marketing-VYSbhz1rZcKcL39uuJtnUB\" target=\"_blank\" h-use-smooth-scroll=\"true\" class=\"image-link\" rel=\"noopener\">\n                      <div class=\"h-image__frame-container\">\n                        <!---->\n                        <!---->\n                        <img decoding=\"async\" width=\"850\" height=\"687\" data-src=\"https:\/\/marketingdigitalaz.com\/wp-content\/uploads\/2023\/12\/Screenshot-2023-12-23-at-12.03.46-1-e1703329871994.png\" class=\"wp-image-252 style-375-image style-local-92-c5-image lazyload\" alt=\"\" data-srcset=\"https:\/\/marketingdigitalaz.com\/wp-content\/uploads\/2023\/12\/Screenshot-2023-12-23-at-12.03.46-1-e1703329871994.png 850w, https:\/\/marketingdigitalaz.com\/wp-content\/uploads\/2023\/12\/Screenshot-2023-12-23-at-12.03.46-1-e1703329871994-300x242.png 300w, https:\/\/marketingdigitalaz.com\/wp-content\/uploads\/2023\/12\/Screenshot-2023-12-23-at-12.03.46-1-e1703329871994-768x621.png 768w\" data-sizes=\"(max-width: 850px) 100vw, 850px\" src=\"data:image\/svg+xml;base64,PHN2ZyB3aWR0aD0iMSIgaGVpZ2h0PSIxIiB4bWxucz0iaHR0cDovL3d3dy53My5vcmcvMjAwMC9zdmciPjwvc3ZnPg==\" style=\"--smush-placeholder-width: 850px; --smush-placeholder-aspect-ratio: 850\/687;\" \/>\n                        <div class=\"h-image__frame h-hide-lg h-hide-md h-hide-sm style-375-frameImage style-local-92-c5-frameImage\"><\/div>\n                      <\/div>\n                    <\/a>\n                  <\/div>\n                <\/div>\n                <div data-colibri-id=\"92-c6\" class=\"h-global-transition-all h-heading style-376 style-local-92-c6 position-relative h-element\">\n                  <!---->\n                  <div class=\"h-heading__outer style-376 style-local-92-c6\">\n                    <!---->\n                    <!---->\n                    <h4 class=\"\">la taxonomie du marketing digital sur Whimsical<\/h4>\n                  <\/div>\n                <\/div>\n                <div data-colibri-id=\"92-c7\" class=\"h-text h-text-component style-377 style-local-92-c7 position-relative h-element\">\n                  <!---->\n                  <!---->\n                  <div class=\"\">\n                    <p>Nous avons repr\u00e9sent\u00e9 les diff\u00e9rents \u00e9l\u00e9ments du digital sous forme d&#8217;un arbre visuel.&nbsp;<\/p>\n                  <\/div>\n                <\/div>\n                <div data-colibri-id=\"92-c8\" class=\"h-x-container style-378 style-local-92-c8 position-relative h-element\">\n                  <!---->\n                  <div class=\"h-x-container-inner style-dynamic-92-c8-group style-378-spacing style-local-92-c8-spacing\"><span class=\"h-link__outer style-379-outer style-local-92-c9-outer d-inline-flex h-element\"><a h-use-smooth-scroll=\"true\" href=\"https:\/\/whimsical.com\/taxinomie-digital-marketing-VYSbhz1rZcKcL39uuJtnUB\" target=\"_blank\" data-colibri-id=\"92-c9\" class=\"d-flex w-100 align-items-center h-link style-379 style-local-92-c9 position-relative\" rel=\"noopener\"><!----><!----> <span>Acc\u00e9der \u00e0 la taxonomie du digital<\/span>                    <span class=\"h-svg-icon h-link__icon style-379-icon style-local-92-c9-icon\"><!--Icon by Font Awesome (https:\/\/fontawesome.com)-->\n    <svg version=\"1.1\" xmlns=\"http:\/\/www.w3.org\/2000\/svg\" xmlns:xlink=\"http:\/\/www.w3.org\/1999\/xlink\" id=\"arrow-circle-o-right\" viewBox=\"0 0 1536 1896.0833\">\n      <path d=\"M1152 896q0 14-9 23l-320 320q-9 9-23 9-13 0-22.5-9.5T768 1216v-192H416q-13 0-22.5-9.5T384 992V800q0-13 9.5-22.5T416 768h352V576q0-14 9-23t23-9q12 0 24 10l319 319q9 9 9 23zm160 0q0-148-73-273t-198-198-273-73-273 73-198 198-73 273 73 273 198 198 273 73 273-73 198-198 73-273zm224 0q0 209-103 385.5T1153.5 1561 768 1664t-385.5-103T103 1281.5 0 896t103-385.5T382.5 231 768 128t385.5 103T1433 510.5 1536 896z\"><\/path>\n    <\/svg><\/span><\/a>\n                    <\/span>\n                  <\/div>\n                <\/div>\n              <\/div>\n            <\/div>\n          <\/div>\n          <div class=\"h-column h-column-container d-flex h-col-lg-6 h-col-md-6 h-col-12 style-374-outer style-local-92-c10-outer\">\n            <div data-colibri-id=\"92-c10\" class=\"d-flex h-flex-basis h-column__inner h-px-lg-0 h-px-md-0 h-px-0 v-inner-lg-0 v-inner-md-0 v-inner-0 style-374 style-local-92-c10 position-relative\">\n              <!---->\n              <!---->\n              <div class=\"w-100 h-y-container h-column__content h-column__v-align flex-basis-100 align-self-lg-start align-self-md-start align-self-start\">\n                <!---->\n                <div data-colibri-id=\"92-c11\" class=\"d-block style-375 style-local-92-c11 position-relative h-element\">\n                  <!---->\n                  <div class=\"h-image__frame-container-outer\">\n                    <a href=\"https:\/\/whimsical.com\/taxinomie-digital-marketing-VYSbhz1rZcKcL39uuJtnUB\" h-use-smooth-scroll=\"true\" class=\"image-link\">\n                      <div class=\"h-image__frame-container\">\n                        <!---->\n                        <!---->\n                        <img decoding=\"async\" width=\"850\" height=\"688\" data-src=\"https:\/\/marketingdigitalaz.com\/wp-content\/uploads\/2023\/12\/16-qrcode-taxinomie-e1703329913417.png\" class=\"wp-image-251 style-375-image style-local-92-c11-image lazyload\" alt=\"\" src=\"data:image\/svg+xml;base64,PHN2ZyB3aWR0aD0iMSIgaGVpZ2h0PSIxIiB4bWxucz0iaHR0cDovL3d3dy53My5vcmcvMjAwMC9zdmciPjwvc3ZnPg==\" style=\"--smush-placeholder-width: 850px; --smush-placeholder-aspect-ratio: 850\/688;\" \/>\n                        <div class=\"h-image__frame h-hide-lg h-hide-md h-hide-sm style-375-frameImage style-local-92-c11-frameImage\"><\/div>\n                      <\/div>\n                    <\/a>\n                  <\/div>\n                <\/div>\n                <div data-colibri-id=\"92-c12\" class=\"h-global-transition-all h-heading style-376 style-local-92-c12 position-relative h-element\">\n                  <!---->\n                  <div class=\"h-heading__outer style-376 style-local-92-c12\">\n                    <!---->\n                    <!---->\n                    <h4 class=\"\">Un QR code pour y acc\u00e9der plus rapidement et facilement<\/h4>\n                  <\/div>\n                <\/div>\n                <div data-colibri-id=\"92-c13\" class=\"h-text h-text-component style-377 style-local-92-c13 position-relative h-element\">\n                  <!---->\n                  <!---->\n                  <div class=\"\">\n                    <p>Pour acc\u00e9der \u00e0 la taxonomie du digital, d\u00e9velopp\u00e9e avec whimsical, scannez le QR code ci-dessus ou cliquer sur le lien.&nbsp;<\/p>\n                  <\/div>\n                <\/div>\n                <div data-colibri-id=\"92-c14\" class=\"h-x-container style-378 style-local-92-c14 position-relative h-element\">\n                  <!---->\n                  <div class=\"h-x-container-inner style-dynamic-92-c14-group style-378-spacing style-local-92-c14-spacing\"><span class=\"h-link__outer style-379-outer style-local-92-c15-outer d-inline-flex h-element\"><a h-use-smooth-scroll=\"true\" href=\"https:\/\/whimsical.com\/taxinomie-digital-marketing-VYSbhz1rZcKcL39uuJtnUB\" target=\"_blank\" data-colibri-id=\"92-c15\" class=\"d-flex w-100 align-items-center h-link style-379 style-local-92-c15 position-relative\" rel=\"noopener\"><!----><!----> <span>Acc\u00e9der \u00e0 la taxonomie du digital<\/span>                    <span class=\"h-svg-icon h-link__icon style-379-icon style-local-92-c15-icon\"><!--Icon by Font Awesome (https:\/\/fontawesome.com)-->\n    <svg version=\"1.1\" xmlns=\"http:\/\/www.w3.org\/2000\/svg\" xmlns:xlink=\"http:\/\/www.w3.org\/1999\/xlink\" id=\"arrow-circle-o-right\" viewBox=\"0 0 1536 1896.0833\">\n      <path d=\"M1152 896q0 14-9 23l-320 320q-9 9-23 9-13 0-22.5-9.5T768 1216v-192H416q-13 0-22.5-9.5T384 992V800q0-13 9.5-22.5T416 768h352V576q0-14 9-23t23-9q12 0 24 10l319 319q9 9 9 23zm160 0q0-148-73-273t-198-198-273-73-273 73-198 198-73 273 73 273 198 198 273 73 273-73 198-198 73-273zm224 0q0 209-103 385.5T1153.5 1561 768 1664t-385.5-103T103 1281.5 0 896t103-385.5T382.5 231 768 128t385.5 103T1433 510.5 1536 896z\"><\/path>\n    <\/svg><\/span><\/a>\n                    <\/span>\n                  <\/div>\n                <\/div>\n              <\/div>\n            <\/div>\n          <\/div>\n        <\/div>\n      <\/div>\n    <\/div>\n  <\/div>\n<\/div>","protected":false},"excerpt":{"rendered":"<p>La taxonomie (classification) du marketing digital Le digital on ne sait vraiment o\u00f9 \u00e7a commence ni o\u00f9 \u00e7a finit &#8230; c&#8217;est pour cela que nous avons cr\u00e9\u00e9 cette taxinomie du marketing digital. Taxinomie ou taxonomie est le terme utilis\u00e9 en sciences ou en informatique pour classer les \u00e9l\u00e9ments d&#8217;un tout, une nomenclature.&nbsp; la taxonomie du [&hellip;]<\/p>\n","protected":false},"author":1,"featured_media":252,"parent":0,"menu_order":0,"comment_status":"closed","ping_status":"closed","template":"page-templates\/full-width-page.php","meta":{"jetpack_post_was_ever_published":false,"footnotes":""},"class_list":["post-92","page","type-page","status-publish","has-post-thumbnail","hentry"],"jetpack-related-posts":[],"jetpack_sharing_enabled":true,"jetpack_shortlink":"https:\/\/wp.me\/PfnJCP-1u","_links":{"self":[{"href":"https:\/\/marketingdigitalaz.com\/index.php\/wp-json\/wp\/v2\/pages\/92","targetHints":{"allow":["GET"]}}],"collection":[{"href":"https:\/\/marketingdigitalaz.com\/index.php\/wp-json\/wp\/v2\/pages"}],"about":[{"href":"https:\/\/marketingdigitalaz.com\/index.php\/wp-json\/wp\/v2\/types\/page"}],"author":[{"embeddable":true,"href":"https:\/\/marketingdigitalaz.com\/index.php\/wp-json\/wp\/v2\/users\/1"}],"replies":[{"embeddable":true,"href":"https:\/\/marketingdigitalaz.com\/index.php\/wp-json\/wp\/v2\/comments?post=92"}],"version-history":[{"count":10,"href":"https:\/\/marketingdigitalaz.com\/index.php\/wp-json\/wp\/v2\/pages\/92\/revisions"}],"predecessor-version":[{"id":1214,"href":"https:\/\/marketingdigitalaz.com\/index.php\/wp-json\/wp\/v2\/pages\/92\/revisions\/1214"}],"wp:featuredmedia":[{"embeddable":true,"href":"https:\/\/marketingdigitalaz.com\/index.php\/wp-json\/wp\/v2\/media\/252"}],"wp:attachment":[{"href":"https:\/\/marketingdigitalaz.com\/index.php\/wp-json\/wp\/v2\/media?parent=92"}],"curies":[{"name":"wp","href":"https:\/\/api.w.org\/{rel}","templated":true}]}}